{"id":5,"date":"2022-01-25T10:16:38","date_gmt":"2022-01-25T09:16:38","guid":{"rendered":"https:\/\/simon-widdig.de\/website\/?page_id=5"},"modified":"2023-12-11T17:51:42","modified_gmt":"2023-12-11T16:51:42","slug":"impressum","status":"publish","type":"page","link":"https:\/\/simon-widdig.de\/website\/impressum\/","title":{"rendered":"Impressum"},"content":{"rendered":"\n<h2 class=\"wp-block-heading\" id=\"name-und-anschrift\">Name und Anschrift<\/h2>\n\n\n\n<p>Simon &amp; Widdig GbR<br>B\u00fcro f\u00fcr Landschafts\u00f6kologie<\/p>\n\n\n\n<p>Hannah-Arendt-Stra\u00dfe 4<br>35037 Marburg<\/p>\n\n\n\n<p>Tel. +49 (0) 64 21 - 9 71 29-0<br>Fax +49 (0) 64 21 - 9 71 29-90<\/p>\n\n\n\n<p>E-Mail: buero@simon-widdig.de<\/p>\n\n\n\n<h2 class=\"wp-block-heading\" id=\"vertretungsberechtigte-gesellschafter\">Vertretungsberechtigte Gesellschafter<\/h2>\n\n\n\n<p>Dipl.-Biol. Matthias Simon<br>Dipl.-Biol. Thomas Widdig<\/p>\n\n\n\n<h2 class=\"wp-block-heading\" id=\"umsatzsteuer-identifikationsnummergemass-27a-umsatzsteuergesetz\">Umsatzsteuer-Identifikationsnummer<br>gem\u00e4\u00df \u00a7 27a Umsatzsteuergesetz:<\/h2>\n\n\n\n<p>DE 223641367<\/p>\n\n\n\n<h2 class=\"wp-block-heading\" id=\"redaktionelle-verantwortung\">Redaktionelle Verantwortung:<\/h2>\n\n\n\n<p>Dipl.-Biol. J\u00fcrgen Schicker<\/p>\n\n\n\n<p>Hannah-Arendt-Stra\u00dfe 4<br>35037 Marburg<\/p>\n\n\n\n<p>Tel. 0 64 21 -9 71 29-13<\/p>\n\n\n\n<h2 class=\"wp-block-heading\" id=\"haftungsausschluss\">Haftungsausschluss<\/h2>\n\n\n\n<p>Die Simon &amp; Widdig GbR bietet Ihnen diese Webseite an, damit Sie sich schnell und umfassend informieren k\u00f6nnen. Wir bem\u00fchen uns, dass die auf unserer Webseite enthaltenen Informationen und Daten zutreffend sind. Eine Haftung oder Garantie f\u00fcr die Aktualit\u00e4t, Richtigkeit und Vollst\u00e4ndigkeit der zur Verf\u00fcgung gestellten Informationen und Daten ist jedoch ausgeschlossen. Dies gilt ebenso f\u00fcr alle anderen Websites, auf die mittels eines Hyperlinks verwiesen wird. Die Simon &amp; Widdig GbR ist f\u00fcr den Inhalt der Websites, die mittels einer solchen Verbindung erreicht werden, ebenfalls nicht verantwortlich. Wir behalten uns vor, ohne Ank\u00fcndigung \u00c4nderungen oder Erg\u00e4nzungen der bereitgestellten Informationen oder Daten vorzunehmen. Wir m\u00f6chten St\u00f6rungen aufgrund technischer Probleme so gering wie m\u00f6glich halten und empfehlen Ihnen, s\u00e4mtliche M\u00f6glichkeiten zu nutzen, um solchen St\u00f6rungen vorzubeugen. Es ist allerdings nicht ausgeschlossen, dass einige der Daten und Angaben auf unserer Webseite in nicht fehlerfreien Dateien oder Formaten angelegt\/strukturiert sind, und wir k\u00f6nnen keine Gew\u00e4hr daf\u00fcr \u00fcbernehmen, dass unser Dienst nicht unterbrochen oder anderweitig durch derartige St\u00f6rungen beeintr\u00e4chtigt wird. Die Simon &amp; Widdig GbR \u00fcbernimmt jedoch keine Verantwortung f\u00fcr solche Probleme, die aufgrund der Benutzung dieser Webseiten oder damit verbundener externer Webseiten entstehen k\u00f6nnten.<\/p>\n\n\n\n<h2 class=\"wp-block-heading\">Informationen gem. \u00a7 36 Verbraucherstreitbeilegungsgesetz - VSBG<\/h2>\n\n\n\n<p>Die Simon &amp; Widdig GbR ist nicht bereit oder verpflichtet, an Streitbeilegungsverfahren vor einer Verbraucherschlichtungsstelle teilzunehmen.<\/p>\n","protected":false},"excerpt":{"rendered":"<p>Name und Anschrift Simon &amp; Widdig GbRB\u00fcro f\u00fcr Landschafts\u00f6kologie Hannah-Arendt-Stra\u00dfe 435037 Marburg Tel. +49 (0) 64 21 - 9 71 29-0Fax +49 (0) 64 21 - 9 71 29-90 E-Mail: buero@simon-widdig.de Vertretungsberechtigte Gesellschafter Dipl.-Biol. Matthias SimonDipl.-Biol. Thomas Widdig Umsatzsteuer-Identifikationsnummergem\u00e4\u00df \u00a7 27a Umsatzsteuergesetz: DE 223641367 Redaktionelle Verantwortung: Dipl.-Biol. J\u00fcrgen Schicker Hannah-Arendt-Stra\u00dfe 435037 Marburg Tel. 0 64 <a href=\"https:\/\/simon-widdig.de\/website\/impressum\/\" class=\"more-link\">...weiterlesen<span class=\"screen-reader-text\"> \"Impressum\"<\/span><\/a><\/p>\n","protected":false},"author":3,"featured_media":0,"parent":0,"menu_order":0,"comment_status":"closed","ping_status":"closed","template":"","meta":{"ngg_post_thumbnail":0,"footnotes":""},"class_list":["post-5","page","type-page","status-publish","h-entry","hentry","h-as-page"],"_links":{"self":[{"href":"https:\/\/simon-widdig.de\/website\/wp-json\/wp\/v2\/pages\/5","targetHints":{"allow":["GET"]}}],"collection":[{"href":"https:\/\/simon-widdig.de\/website\/wp-json\/wp\/v2\/pages"}],"about":[{"href":"https:\/\/simon-widdig.de\/website\/wp-json\/wp\/v2\/types\/page"}],"author":[{"embeddable":true,"href":"https:\/\/simon-widdig.de\/website\/wp-json\/wp\/v2\/users\/3"}],"replies":[{"embeddable":true,"href":"https:\/\/simon-widdig.de\/website\/wp-json\/wp\/v2\/comments?post=5"}],"version-history":[{"count":5,"href":"https:\/\/simon-widdig.de\/website\/wp-json\/wp\/v2\/pages\/5\/revisions"}],"predecessor-version":[{"id":1130,"href":"https:\/\/simon-widdig.de\/website\/wp-json\/wp\/v2\/pages\/5\/revisions\/1130"}],"wp:attachment":[{"href":"https:\/\/simon-widdig.de\/website\/wp-json\/wp\/v2\/media?parent=5"}],"curies":[{"name":"wp","href":"https:\/\/api.w.org\/{rel}","templated":true}]}}